common divisor of 986 and 1036518?
58
What is the greatest common factor of 32 and 24336?
16
What is the highest common divisor of 244 and 977708?
244
What is the highest common factor of 1314373 and 5679?
631
Calculate the highest common factor of 1215 and 207045.
45
Calculate the greatest common factor of 3090645 and 45.
45
Calculate the greatest common divisor of 358 and 4475.
179
Calculate the greatest common divisor of 375 and 2730.
15
What is the highest common factor of 372 and 57102?
186
What is the highest common divisor of 21801 and 2613?
39
What is the highest common divisor of 31784 and 1392?
232
Calculate the greatest common divisor of 4023 and 54.
27
What is the highest common factor of 40 and 5068?
4
Calculate the greatest common factor of 166 and 7141154.
166
Calculate the highest common divisor of 480 and 35460.
60
What is the highest common factor of 23200 and 96?
32
What is the highest common factor of 126965 and 1005?
335
Calculate the highest common factor of 580 and 9740.
20
Calculate the highest common divisor of 143 and 59642.
11
Calculate the highest common divisor of 1840 and 1741100.
460
Calculate the highest common factor of 10829 and 728.
91
What is the greatest common divisor of 1776 and 9232?
16
What is the highest common factor of 5342371 and 529?
529
What is the highest common factor of 1006 and 231883?
503
Calculate the highest common factor of 10 and 130420.
10
What is the greatest common divisor of 17880 and 82680?
120
Calculate the greatest common factor of 915 and 156099.
183
What is the greatest common divisor of 280 and 1885450?
70
What is the highest common factor of 140901 and 13467?
201
Calculate the greatest common divisor of 32 and 661.
1
What is the highest common factor of 2440612 and 2649?
883
What is the greatest common divisor of 150 and 30575?
25
What is the highest common factor of 2991 and 219?
3
What is the highest common factor of 4612 and 1268?
4
What is the highest common factor of 709634 and 398?
398
Calculate the highest common divisor of 415 and 28180.
5
What is the greatest common divisor of 1403 and 7165121?
1403
Calculate the highest common factor of 12330 and 5440.
10
What is the highest common factor of 163 and 550288?
163
What is the greatest common factor of 5845 and 1610?
35
What is the greatest common factor of 51 and 2535?
3
Calculate the greatest common divisor of 382 and 701161.
191
Calculate the greatest common divisor of 370064 and 606.
202
Calculate the greatest common factor of 259 and 20017.
37
What is the greatest common divisor of 1292 and 19456?
76
What is the highest common factor of 6972 and 112?
28
Calculate the highest common factor of 20695 and 120.
5
What is the greatest common factor of 247416 and 11661?
507
What is the greatest common divisor of 1264011 and 483?
483
Calculate the greatest common factor of 10945 and 110.
55
What is the greatest common divisor of 21460 and 5772?
148
Calculate the highest common divisor of 67894 and 127608.
818
Calculate the greatest common factor of 5057446 and 719.
719
Calculate the highest common divisor of 128723 and 518.
259
What is the greatest common divisor of 10033 and 1501?
79
Calculate the greatest common divisor of 2796 and 84.
12
Calculate the greatest common factor of 805 and 34155.
115
Calculate the highest common divisor of 47200 and 8.
8
What is the greatest common divisor of 25358 and 1860?
62
What is the greatest common factor of 150 and 95250?
150
Calculate the greatest common divisor of 148 and 473415.
37
Calculate the highest common divisor of 12351 and 345.
69
What is the highest common divisor of 1600 and 34900?
100
What is the greatest common factor of 225 and 1918350?
225
Calculate the highest common divisor of 7518 and 56.
14
Calculate the greatest common factor of 237 and 18407.
79
Calculate the highest common divisor of 22743 and 26733.
399
Calculate the greatest common factor of 1360 and 13940.
340
Calculate the greatest common divisor of 528 and 10944.
48
Calculate the greatest common factor of 46 and 6428638.
46
Calculate the highest common factor of 200301 and 3357.
1119
What is the highest common divisor of 10969 and 56?
7
What is the greatest common divisor of 2090900 and 1827?
203
What is the highest common divisor of 69357 and 10612?
379
What is the greatest common factor of 61346 and 703?
37
Calculate the greatest common divisor of 18602 and 101132.
262
Calculate the highest common factor of 116259 and 7317.
813
What is the greatest common divisor of 8322 and 570?
114
What is the highest common divisor of 3005 and 114791?
601
What is the greatest common factor of 14 and 899738?
14
Calculate the greatest common divisor of 17 and 7463.
17
What is the highest common factor of 6 and 1966?
2
Calculate the highest common divisor of 150 and 118725.
75
What is the highest common factor of 1593 and 183708?
27
Calculate the greatest common factor of 369474 and 399.
399
What is the highest common divisor of 801181 and 41?
41
What is the highest common factor of 1388864 and 64?
64
What is the greatest common divisor of 2688 and 35672?
56
What is the greatest common divisor of 4100 and 40000?
100
Calculate the highest common factor of 1786589 and 361.
361
What is the greatest common factor of 11656 and 32524?
188
Calculate the highest common factor of 36 and 22296.
12
What is the highest common factor of 333291 and 8319?
177
Calculate the highest common divisor of 14981 and 639.
71
What is the greatest common factor of 5004 and 444939?
417
Calculate the greatest common factor of 72 and 478692.
36
What is the greatest common factor of 283 and 2253529?
283
Calculate the highest common factor of 2636 and 585851.
659
What is the highest common divisor of 11 and 62887?
11
What is the highest common factor of 146530 and 10?
10
What is the highest common divisor of 352 and 2272?
32
Calculate the greatest common factor of 137916 and 216.
108
What is the highest common divisor of 389650 and 350?
50
Calculate the greatest common divisor of 114933 and 546.
273
What is the greatest common factor of 5926294 and 22?
22
Calculate the greatest common factor of 33561 and 44.
11
Calculate the highest common divisor of 21 and 3360.
21
What is the greatest common divisor of 13624117 and 13?
13
Calculate the highest common divisor of 14060 and 570.
190
Calculate the greatest common divisor of 2180 and 540.
20
Calculate the highest common divisor of 18 and 460602.
18
What is the greatest common divisor of 6222 and 5490?
366
Calculate the highest common divisor of 204 and 88140.
12
Calculate the greatest common divisor of 63174 and 138.
6
What is the greatest common factor of 174 and 73266?
6
What is the highest common factor of 8294 and 58630?
286
Calculate the greatest common factor of 2640285 and 1035.
1035
Calculate the highest common factor of 196896 and 112.
112
Calculate the highest common divisor of 15 and 176825.
5
What is the highest common factor of 917 and 9?
1
What is the highest common divisor of 438753 and 21?
21
What is the highest common factor of 151311 and 186?
93
Calculate the greatest common divisor of 610 and 79544.
122
What is the greatest common divisor of 18 and 12645?
9
What is the greatest common divisor of 30841 and 16?
1
Calculate the highest common factor of 2464 and 2541.
77
Calculate the greatest common divisor of 9331 and 86.
43
What is the greatest common divisor of 11488 and 3968?
32
What is the greatest common divisor of 2750 and 3377?
11
Calculate the greatest common divisor of 195 and 6305.
65
What is the greatest common divisor of 312 and 14547?
39
What is the greatest common factor of 256 and 1098624?
128
What is the highest common factor of 768426 and 623?
89
Calculate the greatest common factor of 840 and 59080.
280
What is the highest common divisor of 755 and 95?
5
What is the greatest common factor of 6670 and 390?
10
Calculate the highest common factor of 198 and 249436.
22
What is the greatest common divisor of 247 and 2413?
19
Calculate the highest common divisor of 301 and 25277.
7
Calculate the highest common divisor of 980 and 1610875.
245
Calculate the greatest common factor of 93870 and 70.
70
Calculate the greatest common divisor of 13 and 1181453.
13
What is the hig